{"id":27979,"date":"2025-12-15T11:16:02","date_gmt":"2025-12-15T14:16:02","guid":{"rendered":"https:\/\/www.informeafa.ar\/2025\/?page_id=27979"},"modified":"2026-01-21T11:45:16","modified_gmt":"2026-01-21T14:45:16","slug":"transferencias-2025","status":"publish","type":"page","link":"https:\/\/www.informeafa.ar\/2025\/transferencias-2025\/","title":{"rendered":"Transferencias"},"content":{"rendered":"\t\t<div data-elementor-type=\"wp-page\" data-elementor-id=\"27979\" class=\"elementor elementor-27979\" data-elementor-post-type=\"page\">\n\t\t\t\t\t\t<section class=\"elementor-section elementor-top-section elementor-element elementor-element-26b3687 elementor-section-boxed elementor-section-height-default elementor-section-height-default\" data-id=\"26b3687\" data-element_type=\"section\" data-settings=\"{&quot;jet_parallax_layout_list&quot;:[]}\">\n\t\t\t\t\t\t<div class=\"elementor-container elementor-column-gap-default\">\n\t\t\t\t\t<div class=\"elementor-column elementor-col-100 elementor-top-column elementor-element elementor-element-e0c3696\" data-id=\"e0c3696\" data-element_type=\"column\">\n\t\t\t<div class=\"elementor-widget-wrap elementor-element-populated\">\n\t\t\t\t\t\t<div class=\"elementor-element elementor-element-91bba4a elementor-widget-tablet__width-inherit animated-fast elementor-invisible elementor-widget elementor-widget-heading\" data-id=\"91bba4a\" data-element_type=\"widget\" data-settings=\"{&quot;_animation&quot;:&quot;fadeInUp&quot;,&quot;_animation_mobile&quot;:&quot;none&quot;,&quot;_animation_delay&quot;:0}\" data-widget_type=\"heading.default\">\n\t\t\t\t<div class=\"elementor-widget-container\">\n\t\t\t\t\t<h2 class=\"elementor-heading-title elementor-size-default\">TRANSFERENCIAS<\/h2>\t\t\t\t<\/div>\n\t\t\t\t<\/div>\n\t\t<div class=\"elementor-element elementor-element-84f945e e-con-full e-flex e-con e-parent\" data-id=\"84f945e\" data-element_type=\"container\" data-settings=\"{&quot;jet_parallax_layout_list&quot;:[]}\">\n\t\t\t\t<div class=\"elementor-element elementor-element-33db044 elementor-blockquote--align-center elementor-blockquote--skin-quotation elementor-widget__width-initial elementor-widget-tablet__width-inherit elementor-widget elementor-widget-blockquote\" data-id=\"33db044\" data-element_type=\"widget\" data-widget_type=\"blockquote.default\">\n\t\t\t\t<div class=\"elementor-widget-container\">\n\t\t\t\t\t\t\t<blockquote class=\"elementor-blockquote\">\n\t\t\t<p class=\"elementor-blockquote__content\">\n\t\t\t\tLa importancia de nuestros <b>clubes como formadores y desarrolladores de jugadores<\/b> nos posiciona como el semillero del mundo desde hace d\u00e9cadas. \t\t\t<\/p>\n\t\t\t\t\t<\/blockquote>\n\t\t\t\t\t\t<\/div>\n\t\t\t\t<\/div>\n\t\t\t\t<div class=\"elementor-element elementor-element-0f2d6b7 elementor-widget__width-initial elementor-widget-tablet__width-inherit elementor-widget elementor-widget-image\" data-id=\"0f2d6b7\" data-element_type=\"widget\" data-widget_type=\"image.default\">\n\t\t\t\t<div class=\"elementor-widget-container\">\n\t\t\t\t\t\t\t\t\t\t\t\t\t\t\t<img fetchpriority=\"high\" decoding=\"async\" width=\"1024\" height=\"683\" src=\"https:\/\/www.informeafa.ar\/2025\/wp-content\/uploads\/2022\/12\/transferencias-low-1024x683.jpeg\" class=\"attachment-large size-large wp-image-11735\" alt=\"\" srcset=\"https:\/\/www.informeafa.ar\/2025\/wp-content\/uploads\/2022\/12\/transferencias-low-1024x683.jpeg 1024w, https:\/\/www.informeafa.ar\/2025\/wp-content\/uploads\/2022\/12\/transferencias-low-300x200.jpeg 300w, https:\/\/www.informeafa.ar\/2025\/wp-content\/uploads\/2022\/12\/transferencias-low-768x512.jpeg 768w, https:\/\/www.informeafa.ar\/2025\/wp-content\/uploads\/2022\/12\/transferencias-low-1536x1024.jpeg 1536w, https:\/\/www.informeafa.ar\/2025\/wp-content\/uploads\/2022\/12\/transferencias-low-2048x1365.jpeg 2048w, https:\/\/www.informeafa.ar\/2025\/wp-content\/uploads\/2022\/12\/transferencias-low-400x268.jpeg 400w\" sizes=\"(max-width: 1024px) 100vw, 1024px\" \/>\t\t\t\t\t\t\t\t\t\t\t\t\t\t\t<\/div>\n\t\t\t\t<\/div>\n\t\t\t\t<\/div>\n\t\t\t\t<div class=\"elementor-element elementor-element-f3dcd39 elementor-widget__width-initial elementor-widget elementor-widget-text-editor\" data-id=\"f3dcd39\" data-element_type=\"widget\" data-widget_type=\"text-editor.default\">\n\t\t\t\t<div class=\"elementor-widget-container\">\n\t\t\t\t\t\t\t\t\t<p><span style=\"font-weight: 400; color: rgb(227, 227, 227); letter-spacing: -0.3px;\">Este trabajo comienza en las categor\u00edas infanto-juveniles que cada a\u00f1o incorporan a m\u00e1s ni\u00f1os y ni\u00f1as, desempe\u00f1ando un rol clave de formaci\u00f3n en el camino hacia la Primera Divisi\u00f3n.<\/span><\/p>\n<p><span style=\"font-weight: 400;\">En t\u00e9rminos de volumen, Argentina es uno de los pa\u00edses que m\u00e1s jugadores incorpora o transfiere al extranjero, pero tambi\u00e9n puede observarse un notable crecimiento en las transferencias \u201centrantes\u201d, es decir, jugadores que llegan a clubes argentinos desde el exterior.&nbsp;<\/span><\/p>\n<p><span style=\"font-weight: 400;\">Las transferencias son uno de los pilares de ingreso de los patrimonios de los clubes. Son cada vez m\u00e1s aquellos planteles de Primera Divisi\u00f3n que casi en su totalidad est\u00e1n conformados por juveniles que han sido formados por ellos, y en una industria tan grande como lo es la del entretenimiento (a la que pertenece el f\u00fatbol), tener esta posibilidad es un privilegio que s\u00f3lo unos pocos pueden experimentar.<\/span><\/p>\t\t\t\t\t\t\t\t<\/div>\n\t\t\t\t<\/div>\n\t\t\t\t<div class=\"elementor-element elementor-element-13eca5d elementor-blockquote--skin-quotation elementor-blockquote--align-center elementor-widget__width-initial elementor-widget elementor-widget-blockquote\" data-id=\"13eca5d\" data-element_type=\"widget\" data-widget_type=\"blockquote.default\">\n\t\t\t\t<div class=\"elementor-widget-container\">\n\t\t\t\t\t\t\t<blockquote class=\"elementor-blockquote\">\n\t\t\t<p class=\"elementor-blockquote__content\">\n\t\t\t\tLas transferencias son uno de los pilares de ingreso de los patrimonios de los clubes.\t\t\t<\/p>\n\t\t\t\t\t<\/blockquote>\n\t\t\t\t\t\t<\/div>\n\t\t\t\t<\/div>\n\t\t<div class=\"elementor-element elementor-element-d69f846 e-con-full e-flex e-con e-child\" data-id=\"d69f846\" data-element_type=\"container\" data-settings=\"{&quot;jet_parallax_layout_list&quot;:[],&quot;background_background&quot;:&quot;classic&quot;}\">\n\t\t\t\t<div class=\"elementor-element elementor-element-52b61d2 elementor-widget elementor-widget-heading\" data-id=\"52b61d2\" data-element_type=\"widget\" data-widget_type=\"heading.default\">\n\t\t\t\t<div class=\"elementor-widget-container\">\n\t\t\t\t\t<h2 class=\"elementor-heading-title elementor-size-default\">TRANSFERENCIA DE JUGADORES<\/h2>\t\t\t\t<\/div>\n\t\t\t\t<\/div>\n\t\t\t\t<div class=\"elementor-element elementor-element-b5b8946 elementor-widget__width-initial elementor-invisible elementor-widget elementor-widget-jet-tabs\" data-id=\"b5b8946\" data-element_type=\"widget\" data-settings=\"{&quot;_animation&quot;:&quot;fadeIn&quot;,&quot;_animation_delay&quot;:300,&quot;_animation_mobile&quot;:&quot;none&quot;,&quot;tabs_position&quot;:&quot;top&quot;,&quot;no_active_tabs&quot;:&quot;false&quot;}\" data-widget_type=\"jet-tabs.default\">\n\t\t\t\t<div class=\"elementor-widget-container\">\n\t\t\t\t\t\n\t\t<div class=\"jet-tabs jet-tabs-position-top jet-tabs-move-up-effect \" data-settings=\"{&quot;activeIndex&quot;:0,&quot;event&quot;:&quot;click&quot;,&quot;autoSwitch&quot;:false,&quot;autoSwitchDelay&quot;:3000,&quot;ajaxTemplate&quot;:false,&quot;tabsPosition&quot;:&quot;top&quot;,&quot;switchScrolling&quot;:false,&quot;switchScrollingOffset&quot;:0}\">\n\t\t\t<div class=\"jet-tabs__control-wrapper \" role=\"tablist\">\n                                    <div id=\"btn_transferencia\" class=\"jet-tabs__control jet-tabs__control-icon-left elementor-menu-anchor active-tab \" data-tab=\"1\" tabindex=\"0\" role=\"tab\" aria-controls=\"jet-tabs-content-1901\" aria-expanded=\"true\" data-template-id=\"false\"><div class=\"jet-tabs__control-inner\"><div class=\"jet-tabs__label-text\">POR EQUIPO<\/div><\/div><\/div><div id=\"jet-tabs-control-1902\" class=\"jet-tabs__control jet-tabs__control-icon-left elementor-menu-anchor  \" data-tab=\"2\" tabindex=\"0\" role=\"tab\" aria-controls=\"jet-tabs-content-1902\" aria-expanded=\"false\" data-template-id=\"false\"><div class=\"jet-tabs__control-inner\"><div class=\"jet-tabs__label-text\">PA\u00cdSES PREDOMINANTES<\/div><\/div><\/div><div id=\"jet-tabs-control-1903\" class=\"jet-tabs__control jet-tabs__control-icon-left elementor-menu-anchor  \" data-tab=\"3\" tabindex=\"0\" role=\"tab\" aria-controls=\"jet-tabs-content-1903\" aria-expanded=\"false\" data-template-id=\"false\"><div class=\"jet-tabs__control-inner\"><div class=\"jet-tabs__label-text\">DOM\u00c9STICA<\/div><\/div><\/div>\n                    \t\t\t    <\/div>\n\t\t\t<div class=\"jet-tabs__content-wrapper\">\n\t\t\t\t<div id=\"jet-tabs-content-1901\" class=\"jet-tabs__content active-content\" data-tab=\"1\" role=\"tabpanel\" aria-hidden=\"false\" data-template-id=\"false\">\t\t<div data-elementor-type=\"widget\" data-elementor-id=\"22459\" class=\"elementor elementor-22459\" data-elementor-post-type=\"elementor_library\">\n\t\t\t\t\t\t<div class=\"elementor-element elementor-element-43fcb8f6 elementor-widget__width-auto elementor-widget elementor-widget-jet-button\" data-id=\"43fcb8f6\" data-element_type=\"widget\" data-widget_type=\"jet-button.default\">\n\t\t\t\t<div class=\"elementor-widget-container\">\n\t\t\t\t\t<div class=\"elementor-jet-button jet-elements\"><div class=\"jet-button__container\">\n\t<a class=\"jet-button__instance jet-button__instance--icon-left hover-effect-6\" href=\"#elementor-action%3Aaction%3Dpopup%3Aopen%26settings%3DeyJpZCI6IjIyMzUyIiwidG9nZ2xlIjpmYWxzZX0%3D\">\n\t\t<div class=\"jet-button__plane jet-button__plane-normal\"><\/div>\n\t\t<div class=\"jet-button__plane jet-button__plane-hover\"><\/div>\n\t\t<div class=\"jet-button__state jet-button__state-normal\">\n\t\t\t<span class=\"jet-button__label\">Ingresos, Egresos &#038; Libres<\/span>\t\t<\/div>\n\t\t<div class=\"jet-button__state jet-button__state-hover\">\n\t\t\t<span class=\"jet-button__label\">Ver Listado<\/span>\t\t<\/div>\n\t<\/a>\n<\/div>\n<\/div>\t\t\t\t<\/div>\n\t\t\t\t<\/div>\n\t\t\t\t<\/div>\n\t\t<\/div><div id=\"jet-tabs-content-1902\" class=\"jet-tabs__content \" data-tab=\"2\" role=\"tabpanel\" aria-hidden=\"true\" data-template-id=\"false\">\t\t<div data-elementor-type=\"widget\" data-elementor-id=\"22462\" class=\"elementor elementor-22462\" data-elementor-post-type=\"elementor_library\">\n\t\t\t\t\t\t<div class=\"elementor-element elementor-element-29bd949f elementor-widget__width-auto elementor-widget elementor-widget-jet-button\" data-id=\"29bd949f\" data-element_type=\"widget\" data-widget_type=\"jet-button.default\">\n\t\t\t\t<div class=\"elementor-widget-container\">\n\t\t\t\t\t<div class=\"elementor-jet-button jet-elements\"><div class=\"jet-button__container\">\n\t<a class=\"jet-button__instance jet-button__instance--icon-left hover-effect-6\" href=\"#elementor-action%3Aaction%3Dpopup%3Aopen%26settings%3DeyJpZCI6IjIyNDA4IiwidG9nZ2xlIjpmYWxzZX0%3D\">\n\t\t<div class=\"jet-button__plane jet-button__plane-normal\"><\/div>\n\t\t<div class=\"jet-button__plane jet-button__plane-hover\"><\/div>\n\t\t<div class=\"jet-button__state jet-button__state-normal\">\n\t\t\t<span class=\"jet-button__label\">Ingresos &#038; Egresos de Jugadores por pa\u00eds<\/span>\t\t<\/div>\n\t\t<div class=\"jet-button__state jet-button__state-hover\">\n\t\t\t<span class=\"jet-button__label\">Ver Listado<\/span>\t\t<\/div>\n\t<\/a>\n<\/div>\n<\/div>\t\t\t\t<\/div>\n\t\t\t\t<\/div>\n\t\t\t\t<\/div>\n\t\t<\/div><div id=\"jet-tabs-content-1903\" class=\"jet-tabs__content \" data-tab=\"3\" role=\"tabpanel\" aria-hidden=\"true\" data-template-id=\"false\">\t\t<div data-elementor-type=\"widget\" data-elementor-id=\"22465\" class=\"elementor elementor-22465\" data-elementor-post-type=\"elementor_library\">\n\t\t\t\t\t\t<div class=\"elementor-element elementor-element-22465 elementor-widget__width-auto elementor-widget elementor-widget-jet-button\" data-id=\"22465\" data-element_type=\"widget\" data-widget_type=\"jet-button.default\">\n\t\t\t\t<div class=\"elementor-widget-container\">\n\t\t\t\t\t<div class=\"elementor-jet-button jet-elements\"><div class=\"jet-button__container\">\n\t<a class=\"jet-button__instance jet-button__instance--icon-left hover-effect-6\" href=\"#elementor-action%3Aaction%3Dpopup%3Aopen%26settings%3DeyJpZCI6IjIyNDQyIiwidG9nZ2xlIjpmYWxzZX0%3D\">\n\t\t<div class=\"jet-button__plane jet-button__plane-normal\"><\/div>\n\t\t<div class=\"jet-button__plane jet-button__plane-hover\"><\/div>\n\t\t<div class=\"jet-button__state jet-button__state-normal\">\n\t\t\t<span class=\"jet-button__label\">Ingreso de Jugadores Argentinos por equipo<\/span>\t\t<\/div>\n\t\t<div class=\"jet-button__state jet-button__state-hover\">\n\t\t\t<span class=\"jet-button__label\">Ver Listado<\/span>\t\t<\/div>\n\t<\/a>\n<\/div>\n<\/div>\t\t\t\t<\/div>\n\t\t\t\t<\/div>\n\t\t\t\t<\/div>\n\t\t<\/div>\t\t\t<\/div>\n\t\t\t\t\t<\/div>\n\t\t\t\t\t\t<\/div>\n\t\t\t\t<\/div>\n\t\t\t\t<\/div>\n\t\t\t\t\t<\/div>\n\t\t<\/div>\n\t\t\t\t\t<\/div>\n\t\t<\/section>\n\t\t\t\t<\/div>\n\t\t","protected":false},"excerpt":{"rendered":"<p>TRANSFERENCIAS La importancia de nuestros clubes como formadores y desarrolladores de jugadores nos posiciona como el semillero del mundo desde hace d\u00e9cadas. Este trabajo&#8230;<\/p>\n","protected":false},"author":14,"featured_media":0,"parent":0,"menu_order":12,"comment_status":"closed","ping_status":"closed","template":"","meta":{"_acf_changed":false,"footnotes":""},"folder":[],"class_list":["post-27979","page","type-page","status-publish","hentry"],"acf":[],"_links":{"self":[{"href":"https:\/\/www.informeafa.ar\/2025\/wp-json\/wp\/v2\/pages\/27979","targetHints":{"allow":["GET"]}}],"collection":[{"href":"https:\/\/www.informeafa.ar\/2025\/wp-json\/wp\/v2\/pages"}],"about":[{"href":"https:\/\/www.informeafa.ar\/2025\/wp-json\/wp\/v2\/types\/page"}],"author":[{"embeddable":true,"href":"https:\/\/www.informeafa.ar\/2025\/wp-json\/wp\/v2\/users\/14"}],"replies":[{"embeddable":true,"href":"https:\/\/www.informeafa.ar\/2025\/wp-json\/wp\/v2\/comments?post=27979"}],"version-history":[{"count":26,"href":"https:\/\/www.informeafa.ar\/2025\/wp-json\/wp\/v2\/pages\/27979\/revisions"}],"predecessor-version":[{"id":30883,"href":"https:\/\/www.informeafa.ar\/2025\/wp-json\/wp\/v2\/pages\/27979\/revisions\/30883"}],"wp:attachment":[{"href":"https:\/\/www.informeafa.ar\/2025\/wp-json\/wp\/v2\/media?parent=27979"}],"wp:term":[{"taxonomy":"folder","embeddable":true,"href":"https:\/\/www.informeafa.ar\/2025\/wp-json\/wp\/v2\/folder?post=27979"}],"curies":[{"name":"wp","href":"https:\/\/api.w.org\/{rel}","templated":true}]}}